
5
What are the prime factors of (-2)/(-7) + (-1812)/(-28)?
5, 13
List the prime factors of (-7)/(3*2/(-6)).
7
What are the prime factors of -1 - 9/((-27)/564)?
11, 17
Let o = 104 - 69. List the prime factors of o.
5, 7
Let w(p) = 6*p**3 - p. List the prime factors of w(2).
2, 23
Let a = -294 + 515. What are the prime factors of a?
13, 17
Suppose 5*u + 64 = -2*q - 21, -4*u + 3*q = 68. Let w = u + 8. What are the prime factors of w/(2*(-9)/12)?
2, 3
Let c be 0/(-2 - (-2 - 1)). Suppose -5*o + 8*o - 90 = c. What are the prime factors of o?
2, 3, 5
Let b(u) = u**3 + 15*u**2 + 11*u - 10. List the prime factors of b(-14).
2
Suppose 7*h = 4*h. Suppose b + 3 - 7 = h. List the prime factors of (b/6)/(2/18).
2, 3
Let n(g) = g**2 - 6*g + 7. Let q be n(6). Let m(j) = -j**3 + 8*j**2 - 2*j - 9. Let v be m(q). Let o = 44 - v. List the prime factors of o.
2, 3
Suppose 2 = 4*t - 6. Suppose -2*q = 0, 45 = 3*o + t*q - q. What are the prime factors of o?
3, 5
Let h(z) = -z**2 + z + 1. Let x(d) = -20*d**3 - 2*d**2. Let l(r) = -h(r) + x(r). Suppose -6 = 12*j + 6. List the prime factors of l(j).
19
Suppose 1 = -4*w - 11. Let b be 1/w - 4/6. What are the prime factors of (1 - 20/(-2)) + b?
2, 5
Let t(q) = -q. Let x be t(6). List the prime factors of x/(-27) + 34/9.
2
Suppose 0*d = 2*d. Let t = 43 + d. Let j = -29 + t. What are the prime factors of j?
2, 7
List the prime factors of 4/(-1) + (-254)/(-2).
3, 41
Let w(z) = z**3 + 8*z**2 - 6*z. What are the prime factors of w(-7)?
7, 13
Suppose 2*h - 2*u - 127 = -h, -2*h - 4*u = -74. Suppose 2*j - 5*d + d + 2 = 0, -5*d = 3*j - h. What are the prime factors of j?
7
Let v(a) be the first derivative of -9*a**2/2 - 2*a - 7. List the prime factors of v(-3).
5
Let v = 233 - 126. What are the prime factors of v?
107
List the prime factors of (4/(-5))/(16/(-920)).
2, 23
Let d be 3/(-9) - (-1888)/(-6). List the prime factors of d/(-14) + 2/4.
23
Let q be 6/4*12/6. Suppose -18 = -5*a + 5*c + 932, 375 = 2*a + q*c. What are the prime factors of a/15 + 6/(-10)?
2, 3
Let z = -191 - -354. What are the prime factors of z?
163
Suppose 4*j + 45 = -j. Let k = j - -17. What are the prime factors of k?
2
Let z(y) = y**3 + 8*y**2 + 7*y - 4. Let c be z(-7). Let j = -1 - c. Suppose -33 = -j*p - 3*m, p = -p + 3*m + 17. List the prime factors of p.
2, 5
Let r(g) = -g**3 - 11*g**2 + g + 13. Suppose -4*o = 5*m + 71, 5*o - o + 5 = m. Let l be r(m). Suppose -3*u = l*u - 85. What are the prime factors of u?
17
Let h = -1 - 0. Let n be (h - -2) + 0 + 1. Suppose 3*f - n*f = 6. What are the prime factors of f?
2, 3
Suppose -2*q - 18 = -4*q. Let s be (18/15)/(q/30). Suppose -2*p - 9 = -3*u + 2, 4*p - s*u = -12. What are the prime factors of p?
2
Suppose i = 13 + 57. Suppose 5*m + 5*b = i, -29 = -3*m + b + 5. List the prime factors of m.
2, 3
Suppose 5*z + 20 = 0, z - 18 = -5*k - 2*z. Let t(q) = -q**2 + 12*q - 1. List the prime factors of t(k).
5, 7
Let h(n) be the first derivative of 2*n**3/3 + n + 1. Let s(a) = -a**3 - 11*a**2 + a + 13. Let d be s(-11). What are the prime factors of h(d)?
3
Let z(c) be the first derivative of -c**6/360 - 7*c**5/120 + c**4/6 + 2*c**3/3 + 3. Let k(t) be the third derivative of z(t). List the prime factors of k(-7).
2
Suppose 5 = 3*p + 20, n = 2*p + 7. Let w be (-2)/((n/4)/3). Suppose 0 = -b - 0*b + w. What are the prime factors of b?
2
Suppose 2*t + 34 = 4*t. Suppose 0 = -5*h + 2*a + t, -2*a = 2*h - 3 - 1. What are the prime factors of h?
3
Suppose 0 = n - 3 - 5. Suppose -q - 3*q = n. What are the prime factors of (19/1)/(3 + q)?
19
Let i be (384/(-28))/(2/14). List the prime factors of i/(-40) + (-3)/(-5).
3
Let i(r) = -2*r**2 + 7*r**2 + 0 - 4 + 3. List the prime factors of i(1).
2
Suppose -51 = -7*c + 4*c. Let d = c + -10. Let g = d - -2. List the prime factors of g.
3
Let h(y) = -y**2 + y + 28. Let i be h(0). Suppose 5*x = g + 17 + i, -4*x = 2*g + 76. Let n = g - -58. List the prime factors of n.
2, 3
Let c be -1 + 1 - 9/(-3). Suppose -c*q = -5*y - 27 - 44, -2*y = 2*q - 26. What are the prime factors of q?
17
Suppose 4*n - 284 - 12 = 0. What are the prime factors of n?
2, 37
Suppose 8*t + 352 = 4*t. List the prime factors of (-4 + t/20)*-5.
2, 3, 7
Let k = 7 - 8. Let f = -3 - k. List the prime factors of (-50)/(-3) - f/6.
17
Suppose 18 = 2*c - 4*t, 4*t = -3*c - 8 - 5. Suppose -d + 7 = -c. What are the prime factors of d?
2
Let f = -3 + 3. Suppose -5*a + 30 = o, 3*a - 137 = -4*o - f*a. What are the prime factors of o?
5, 7
What are the prime factors of (-28)/(-2) - 5 - 3?
2, 3
Suppose 24 = 5*c - z, 0*c + c = z + 8. Suppose b + c*b = -5*p + 50, 0 = 5*p - 10. List the prime factors of 8/2*6/b.
3
Let h = 23 + 15. List the prime factors of h.
2, 19
Suppose 0 = 3*x + 6. Let u(f) = -15*f + 4. Let t(i) = -23*i + 6. Let g(a) = -5*t(a) + 8*u(a). What are the prime factors of g(x)?
2, 3
What are the prime factors of (2/(-6))/(4/(-276))?
23
Suppose -3 = -3*f, -12*f = 4*q - 7*f - 633. What are the prime factors of q?
157
Suppose 3*r - 3 = -2*o - o, 0 = -2*r + o + 17. Suppose -3*i + r = -21. List the prime factors of i.
3
Let r(g) = 46*g - 1. Let k be r(2). List the prime factors of (-12)/(-3)*k/14.
2, 13
Suppose 53 = 4*k - 15. Let f = 7 + -13. Let g = k + f. List the prime factors of g.
11
List the prime factors of (-457)/(-5) + 9/15.
2, 23
Suppose 0*g + 45 = 3*g. Let q = 23 - g. Suppose q*d - 55 = 3*d. What are the prime factors of d?
11
Suppose -2*y = 3*y + 10. Let w be (y/4)/((-7)/(-42)). What are the prime factors of (-45)/w - 0/(-3)?
3, 5
Suppose 5*c + 37 = 2. Let p = c + 16. What are the prime factors of p?
3
Suppose 2*p = -2*z + 12, 3*p - 3*z - 40 = -10. Let m = p + -1. Let i(h) = 2*h - 7. What are the prime factors of i(m)?
7
List the prime factors of (-27)/(-36) - 129/(-4).
3, 11
Let d(q) be the second derivative of -q**4/12 - q**3 + 7*q**2/2 + q. Suppose 0 = p - 0*p + 6. List the prime factors of d(p).
7
Suppose 2*d = 2*c - 5*c + 511, 2*c + 526 = 2*d. What are the prime factors of d?
2, 5, 13
Suppose 2*a + 4*l + 0*l - 22 = 0, -26 = -a + 3*l. List the prime factors of a.
17
Suppose 0*n - 12 = -2*n. Suppose -3*m - 69 = -n*m. What are the prime factors of m?
23
List the prime factors of 69*(52/24 + 4/(-8)).
5, 23
Suppose -2*n - 2*t = -12, 0 = 5*t - 4 - 1. Suppose n*i + 0*i - 50 = 0. What are the prime factors of i?
2, 5
Let q be 0 - (0 + 1 - 2). Let v be (-3)/(-2) - (-3)/6. Suppose -7 - q = -v*r. What are the prime factors of r?
2
Let o(r) = 10*r - 12. What are the prime factors of o(13)?
2, 59
Let y be (2 + -1)/((-1)/(-5)). Let v be 1*(-49)/(-6) - 4/24. Suppose 2 = -2*x, -2*k - y*x + 17 + v = 0. List the prime factors of k.
3, 5
Let l(z) = -z - 7. Let x be l(-5). Let q(v) = v**2 - v - 2. Let k be q(x). Suppose 4*f - 4*t - 8 = 0, -2*f - 2*f = k*t - 24. List the prime factors of f.
2
Let t = 15 + -13. Let q(g) = -g**3 + 5*g**2 + 3*g. Let w be q(5). Suppose 4*r = t*k + w + 1, 3*k = 5*r - 18. List the prime factors of r.
2, 3
Suppose 0 = 3*g, -5*j + 3*g = 4*g - 155. What are the prime factors of j?
31
Suppose -2*r + 215 = 3*b, 2*b - 4 = -14. List the prime factors of r.
5, 23
Suppose 0 = -3*u - 9, 5*k + 61 = -2*u - 0*u. Let b = -8 - k. Suppose 0 = r - b - 6. List the prime factors of r.
3
Let l(t) = -14*t + 8*t + 4*t**3 - 5*t**3 + 7*t**2 + 3. Suppose 3*w - 8 - 10 = 0. What are the prime factors of l(w)?
3
Let x = -3 + 8. Suppose -3*k = 5*u - 8 - 23, x*u = 5*k + 15. What are the prime factors of u?
5
Let x be 2/5 - (-99)/15. Suppose -g + x = -8. Suppose -2*h + 5*h = -4*i + 21, 3*i + 3*h - g = 0. List the prime factors of i.
2, 3
What are the prime factors of 6/(-9) + 44/3?
2, 7
Let w(s) = -s**3 + 5*s**2 - 4*s - 1. Suppose -f = -3*i + 4, -f = -2*i - 3*f + 16. What are the prime factors of w(i)?
5
Let f(i) = i**3 - 5*i**2 + 7*i - 3. Let y be f(5). Suppose -5*u + 0*u + 1 = -2*d, -d = 4*u - y. What are the prime factors of d?
2, 3
Suppose -5*m = -7*m + 76. What are the prime factors of m?
2, 19
Let f = -1 + 7. Let o = 21 - 17. Let x = f + o. What are the prime factors of x?
2, 5
Let v = 124 - 382. What are the prime factors of v/(-24) - 3/(-12)?
11
Suppose 0 = 60*b - 64*b + 848. List the prime factors of b.
2, 53
Let c be 8/(-10)*10/(-4). Let x be (-124)/(-10) + c/(-5). What are the prime factors of (-46)/(-6) + 4/x?
2
Let x(p) =